{"id":30,"date":"2017-08-12T22:05:43","date_gmt":"2017-08-12T20:05:43","guid":{"rendered":"http:\/\/www.asv-oppenheim.de\/?page_id=30"},"modified":"2026-01-27T21:38:23","modified_gmt":"2026-01-27T20:38:23","slug":"termine","status":"publish","type":"page","link":"https:\/\/www.asv-oppenheim.de\/index.php\/termine\/","title":{"rendered":"Termine"},"content":{"rendered":"<h1>Termine f\u00fcr 2026<\/h1>\n<p>Bei angesetztem Arbeitsdienst und internen Vereinsveranstaltungen ist das Angeln w\u00e4hrend der Veranstaltung an den Vereinsgew\u00e4ssern f\u00fcr Mitglieder verboten. Termine der Jugendgruppe finden Sie <a href=\"https:\/\/www.asv-oppenheim.de\/index.php\/verein\/jugendgruppe\/\">hier<\/a>.<\/p>\n<h2>Termine<\/h2>\n\n<table id=\"tablepress-1\" class=\"tablepress tablepress-id-1\">\n<thead>\n<tr class=\"row-1\">\n\t<th class=\"column-1\">Tag <\/th><th class=\"column-2\">Datum<\/th><th class=\"column-3\">Uhrzeit<\/th><th class=\"column-4\">Ort<\/th><th class=\"column-5\">Was<\/th>\n<\/tr>\n<\/thead>\n<tbody class=\"row-striping row-hover\">\n<tr class=\"row-2\">\n\t<td class=\"column-1\">Samstag<\/td><td class=\"column-2\">28.02.<\/td><td class=\"column-3\">09:00 <\/td><td class=\"column-4\">Sandloch<\/td><td class=\"column-5\"><p style=\"color:  #6eb92b;\">Arbeitsdienst<\/p> <\/td>\n<\/tr>\n<tr class=\"row-3\">\n\t<td class=\"column-1\">Samstag<\/td><td class=\"column-2\">07.03.<\/td><td class=\"column-3\">09:00 <\/td><td class=\"column-4\">Sandloch<\/td><td class=\"column-5\"><p style=\"color:  #6eb92b;\">Arbeitsdienst<\/p> <\/td>\n<\/tr>\n<tr class=\"row-4\">\n\t<td class=\"column-1\">Samstag<\/td><td class=\"column-2\">14.03.<\/td><td class=\"column-3\">09:00 <\/td><td class=\"column-4\">Sandloch<\/td><td class=\"column-5\"><p style=\"color:  #6eb92b;\">Arbeitsdienst<\/p> <\/td>\n<\/tr>\n<tr class=\"row-5\">\n\t<td class=\"column-1\">Samstag<\/td><td class=\"column-2\">25.04.<\/td><td class=\"column-3\">12:00<\/td><td class=\"column-4\">Sandloch<\/td><td class=\"column-5\"><p style=\"color: blue;\"> Anfischen<\/p><\/td>\n<\/tr>\n<tr class=\"row-6\">\n\t<td class=\"column-1\">Sonntag<\/td><td class=\"column-2\">13.06.<\/td><td class=\"column-3\">17:00<\/td><td class=\"column-4\">Sandloch<\/td><td class=\"column-5\">Jahreshauptversammlung, gemeinsames Abendessen<\/td>\n<\/tr>\n<tr class=\"row-7\">\n\t<td class=\"column-1\">Sonntag<\/td><td class=\"column-2\">28.06.<\/td><td class=\"column-3\">08:00<\/td><td class=\"column-4\">Hafen Oppenheim<\/td><td class=\"column-5\"><strong>Fischessen<\/strong> gemeinsam mit dem Kanu-Club Oppenheim<\/td>\n<\/tr>\n<tr class=\"row-8\">\n\t<td class=\"column-1\">Sonntag<\/td><td class=\"column-2\">12.07.<\/td><td class=\"column-3\">07:00<\/td><td class=\"column-4\">Sandloch<\/td><td class=\"column-5\"><p style=\"color: blue;\">Hauptfischen<\/p><\/td>\n<\/tr>\n<tr class=\"row-9\">\n\t<td class=\"column-1\">Samstag<\/td><td class=\"column-2\">15.08.<\/td><td class=\"column-3\">12:30<\/td><td class=\"column-4\">Sandloch<\/td><td class=\"column-5\">Frauen- und Seniorenfischen, Familien- u. Helferfest, Ehrung verdienter Mitglieder (Vereinsinterne Veranstaltung)<\/td>\n<\/tr>\n<tr class=\"row-10\">\n\t<td class=\"column-1\">Sonntag<\/td><td class=\"column-2\">xx.xx.xx<\/td><td class=\"column-3\">08:00<\/td><td class=\"column-4\">xxxxx<\/td><td class=\"column-5\"><strong>Fischessen,<\/strong> Beginn der Veranstaltung 11:00 Uhr, vorher Arbeitsdienst (unter Vorbehalt ASP-Lage)<\/td>\n<\/tr>\n<tr class=\"row-11\">\n\t<td class=\"column-1\">Samstag<\/td><td class=\"column-2\">26.09.<\/td><td class=\"column-3\">12:00<\/td><td class=\"column-4\">Sandloch<\/td><td class=\"column-5\"><p style=\"color: blue;\"> Abfischen<\/p><\/td>\n<\/tr>\n<tr class=\"row-12\">\n\t<td class=\"column-1\">Samstag<\/td><td class=\"column-2\">31.10.<\/td><td class=\"column-3\">09:00<\/td><td class=\"column-4\">Sandloch<\/td><td class=\"column-5\"><p style=\"color:  #6eb92b;\">Arbeitsdienst<\/p><\/td>\n<\/tr>\n<tr class=\"row-13\">\n\t<td class=\"column-1\">Samstag<\/td><td class=\"column-2\">07.11.<\/td><td class=\"column-3\">09:00<\/td><td class=\"column-4\">Sandloch<\/td><td class=\"column-5\"><p style=\"color:  #6eb92b;\">Arbeitsdienst<\/p><\/td>\n<\/tr>\n<tr class=\"row-14\">\n\t<td class=\"column-1\">Sonntag<\/td><td class=\"column-2\">xx.11.<\/td><td class=\"column-3\"><\/td><td class=\"column-4\">Altenzentrum Oppenheim<\/td><td class=\"column-5\"><strong>Fischessen<\/strong> f\u00fcr die Bewohner des Altenzentrum Oppenheim<\/td>\n<\/tr>\n<tr class=\"row-15\">\n\t<td class=\"column-1\">Samstag<\/td><td class=\"column-2\">14.11.<\/td><td class=\"column-3\">09:00<\/td><td class=\"column-4\">Sandloch<\/td><td class=\"column-5\"><p style=\"color:  #6eb92b;\">Arbeitsdienst<\/p><\/td>\n<\/tr>\n<tr class=\"row-16\">\n\t<td class=\"column-1\">Samstag<\/td><td class=\"column-2\">12.12.<\/td><td class=\"column-3\"><\/td><td class=\"column-4\"><\/td><td class=\"column-5\"><p style=\"color:\"> Gem\u00fctliches Zusammensein anl\u00e4\u00dflich des Jahresausklanges (Vereinsinterne Veranstaltung)<\/td>\n<\/tr>\n<\/tbody>\n<\/table>\n<!-- #tablepress-1 from cache -->\n<h1>Termine als Google Kalender einbinden<\/h1>\n<p>Der Kalender kann auch in den pers\u00f6nlichen Kalender importiert werden. Hierzu k\u00f6nnen die folgenden Links genutzt werden.<br \/>\nical: <a href=\"https:\/\/www.google.com\/calendar\/ical\/asvoppenheim%40gmail.com\/private-3ced3a2d5703944eb9d1481e948e1451\/basic.ics\" target=\"_blank\" rel=\"noopener noreferrer\">https:\/\/www.google.com\/calendar\/feeds\/asvoppenheim%40gmail.com\/private-3ced3a2d5703944eb9d1481e948e1451\/basic<\/a><br \/>\nxml: <a href=\"https:\/\/www.google.com\/calendar\/ical\/asvoppenheim%40gmail.com\/private-3ced3a2d5703944eb9d1481e948e1451\/basic.ics\" target=\"_blank\" rel=\"noopener noreferrer\">https:\/\/www.google.com\/calendar\/ical\/asvoppenheim%40gmail.com\/private-3ced3a2d5703944eb9d1481e948e1451\/basic.ics<\/a><\/p>\n<p>&nbsp;<\/p>\n<p><a href=\"https:\/\/calendar.google.com\/calendar\/embed?src=asvoppenheim%40gmail.com&amp;ctz=Europe%2FBerlin\"><img loading=\"lazy\" decoding=\"async\" class=\"alignnone wp-image-1234 \" src=\"https:\/\/www.asv-oppenheim.de\/wp-content\/uploads\/2023\/05\/Hinweis-Kalender.png\" alt=\"\" width=\"500\" height=\"461\" srcset=\"https:\/\/www.asv-oppenheim.de\/wp-content\/uploads\/2023\/05\/Hinweis-Kalender.png 658w, https:\/\/www.asv-oppenheim.de\/wp-content\/uploads\/2023\/05\/Hinweis-Kalender-300x277.png 300w\" sizes=\"auto, (max-width: 500px) 100vw, 500px\" \/><\/a><\/p>\n","protected":false},"excerpt":{"rendered":"<p>Termine f\u00fcr 2026 Bei angesetztem Arbeitsdienst und internen Vereinsveranstaltungen ist das Angeln w\u00e4hrend der Veranstaltung an den Vereinsgew\u00e4ssern f\u00fcr Mitglieder verboten. Termine der Jugendgruppe finden Sie hier. Termine Termine als Google Kalender einbinden Der Kalender kann auch in den pers\u00f6nlichen Kalender importiert werden. Hierzu k\u00f6nnen die folgenden Links genutzt werden. ical: https:\/\/www.google.com\/calendar\/feeds\/asvoppenheim%40gmail.com\/private-3ced3a2d5703944eb9d1481e948e1451\/basic xml: https:\/\/www.google.com\/calendar\/ical\/asvoppenheim%40gmail.com\/private-3ced3a2d5703944eb9d1481e948e1451\/basic.ics &nbsp;<\/p>\n","protected":false},"author":3,"featured_media":0,"parent":0,"menu_order":0,"comment_status":"closed","ping_status":"closed","template":"","meta":{"footnotes":""},"class_list":["post-30","page","type-page","status-publish","hentry"],"_links":{"self":[{"href":"https:\/\/www.asv-oppenheim.de\/index.php\/wp-json\/wp\/v2\/pages\/30","targetHints":{"allow":["GET"]}}],"collection":[{"href":"https:\/\/www.asv-oppenheim.de\/index.php\/wp-json\/wp\/v2\/pages"}],"about":[{"href":"https:\/\/www.asv-oppenheim.de\/index.php\/wp-json\/wp\/v2\/types\/page"}],"author":[{"embeddable":true,"href":"https:\/\/www.asv-oppenheim.de\/index.php\/wp-json\/wp\/v2\/users\/3"}],"replies":[{"embeddable":true,"href":"https:\/\/www.asv-oppenheim.de\/index.php\/wp-json\/wp\/v2\/comments?post=30"}],"version-history":[{"count":24,"href":"https:\/\/www.asv-oppenheim.de\/index.php\/wp-json\/wp\/v2\/pages\/30\/revisions"}],"predecessor-version":[{"id":1425,"href":"https:\/\/www.asv-oppenheim.de\/index.php\/wp-json\/wp\/v2\/pages\/30\/revisions\/1425"}],"wp:attachment":[{"href":"https:\/\/www.asv-oppenheim.de\/index.php\/wp-json\/wp\/v2\/media?parent=30"}],"curies":[{"name":"wp","href":"https:\/\/api.w.org\/{rel}","templated":true}]}}

<h1>Termine für 2026</h1>
<p>Bei angesetztem Arbeitsdienst und internen Vereinsveranstaltungen ist das Angeln während der Veranstaltung an den Vereinsgewässern für Mitglieder verboten. Termine der Jugendgruppe finden Sie <a href="https://www.asv-oppenheim.de/index.php/verein/jugendgruppe/">hier</a>.</p>
<h2>Termine</h2>

<table id="tablepress-1" class="tablepress tablepress-id-1">
<thead>
<tr class="row-1">
	<th class="column-1">Tag </th><th class="column-2">Datum</th><th class="column-3">Uhrzeit</th><th class="column-4">Ort</th><th class="column-5">Was</th>
</tr>
</thead>
<tbody class="row-striping row-hover">
<tr class="row-2">
	<td class="column-1">Samstag</td><td class="column-2">28.02.</td><td class="column-3">09:00 </td><td class="column-4">Sandloch</td><td class="column-5"><p style="color:  #6eb92b;">Arbeitsdienst</p> </td>
</tr>
<tr class="row-3">
	<td class="column-1">Samstag</td><td class="column-2">07.03.</td><td class="column-3">09:00 </td><td class="column-4">Sandloch</td><td class="column-5"><p style="color:  #6eb92b;">Arbeitsdienst</p> </td>
</tr>
<tr class="row-4">
	<td class="column-1">Samstag</td><td class="column-2">14.03.</td><td class="column-3">09:00 </td><td class="column-4">Sandloch</td><td class="column-5"><p style="color:  #6eb92b;">Arbeitsdienst</p> </td>
</tr>
<tr class="row-5">
	<td class="column-1">Samstag</td><td class="column-2">25.04.</td><td class="column-3">12:00</td><td class="column-4">Sandloch</td><td class="column-5"><p style="color: blue;"> Anfischen</p></td>
</tr>
<tr class="row-6">
	<td class="column-1">Sonntag</td><td class="column-2">13.06.</td><td class="column-3">17:00</td><td class="column-4">Sandloch</td><td class="column-5">Jahreshauptversammlung, gemeinsames Abendessen</td>
</tr>
<tr class="row-7">
	<td class="column-1">Sonntag</td><td class="column-2">28.06.</td><td class="column-3">08:00</td><td class="column-4">Hafen Oppenheim</td><td class="column-5"><strong>Fischessen</strong> gemeinsam mit dem Kanu-Club Oppenheim</td>
</tr>
<tr class="row-8">
	<td class="column-1">Sonntag</td><td class="column-2">12.07.</td><td class="column-3">07:00</td><td class="column-4">Sandloch</td><td class="column-5"><p style="color: blue;">Hauptfischen</p></td>
</tr>
<tr class="row-9">
	<td class="column-1">Samstag</td><td class="column-2">15.08.</td><td class="column-3">12:30</td><td class="column-4">Sandloch</td><td class="column-5">Frauen- und Seniorenfischen, Familien- u. Helferfest, Ehrung verdienter Mitglieder (Vereinsinterne Veranstaltung)</td>
</tr>
<tr class="row-10">
	<td class="column-1">Sonntag</td><td class="column-2">xx.xx.xx</td><td class="column-3">08:00</td><td class="column-4">xxxxx</td><td class="column-5"><strong>Fischessen,</strong> Beginn der Veranstaltung 11:00 Uhr, vorher Arbeitsdienst (unter Vorbehalt ASP-Lage)</td>
</tr>
<tr class="row-11">
	<td class="column-1">Samstag</td><td class="column-2">26.09.</td><td class="column-3">12:00</td><td class="column-4">Sandloch</td><td class="column-5"><p style="color: blue;"> Abfischen</p></td>
</tr>
<tr class="row-12">
	<td class="column-1">Samstag</td><td class="column-2">31.10.</td><td class="column-3">09:00</td><td class="column-4">Sandloch</td><td class="column-5"><p style="color:  #6eb92b;">Arbeitsdienst</p></td>
</tr>
<tr class="row-13">
	<td class="column-1">Samstag</td><td class="column-2">07.11.</td><td class="column-3">09:00</td><td class="column-4">Sandloch</td><td class="column-5"><p style="color:  #6eb92b;">Arbeitsdienst</p></td>
</tr>
<tr class="row-14">
	<td class="column-1">Sonntag</td><td class="column-2">xx.11.</td><td class="column-3"></td><td class="column-4">Altenzentrum Oppenheim</td><td class="column-5"><strong>Fischessen</strong> für die Bewohner des Altenzentrum Oppenheim</td>
</tr>
<tr class="row-15">
	<td class="column-1">Samstag</td><td class="column-2">14.11.</td><td class="column-3">09:00</td><td class="column-4">Sandloch</td><td class="column-5"><p style="color:  #6eb92b;">Arbeitsdienst</p></td>
</tr>
<tr class="row-16">
	<td class="column-1">Samstag</td><td class="column-2">12.12.</td><td class="column-3"></td><td class="column-4"></td><td class="column-5"><p style="color:"> Gemütliches Zusammensein anläßlich des Jahresausklanges (Vereinsinterne Veranstaltung)</td>
</tr>
</tbody>
</table>
<!-- #tablepress-1 from cache -->
<h1>Termine als Google Kalender einbinden</h1>
<p>Der Kalender kann auch in den persönlichen Kalender importiert werden. Hierzu können die folgenden Links genutzt werden.<br />
ical: <a href="https://www.google.com/calendar/ical/asvoppenheim%40gmail.com/private-3ced3a2d5703944eb9d1481e948e1451/basic.ics" target="_blank" rel="noopener noreferrer">https://www.google.com/calendar/feeds/asvoppenheim%40gmail.com/private-3ced3a2d5703944eb9d1481e948e1451/basic</a><br />
xml: <a href="https://www.google.com/calendar/ical/asvoppenheim%40gmail.com/private-3ced3a2d5703944eb9d1481e948e1451/basic.ics" target="_blank" rel="noopener noreferrer">https://www.google.com/calendar/ical/asvoppenheim%40gmail.com/private-3ced3a2d5703944eb9d1481e948e1451/basic.ics</a></p>
<p>&nbsp;</p>
<p><a href="https://calendar.google.com/calendar/embed?src=asvoppenheim%40gmail.com&amp;ctz=Europe%2FBerlin"><img loading="lazy" decoding="async" class="alignnone wp-image-1234 " src="https://www.asv-oppenheim.de/wp-content/uploads/2023/05/Hinweis-Kalender.png" alt="" width="500" height="461" srcset="https://www.asv-oppenheim.de/wp-content/uploads/2023/05/Hinweis-Kalender.png 658w, https://www.asv-oppenheim.de/wp-content/uploads/2023/05/Hinweis-Kalender-300x277.png 300w" sizes="auto, (max-width: 500px) 100vw, 500px" /></a></p>

<p>Termine für 2026 Bei angesetztem Arbeitsdienst und internen Vereinsveranstaltungen ist das Angeln während der Veranstaltung an den Vereinsgewässern für Mitglieder verboten. Termine der Jugendgruppe finden Sie hier. Termine Termine als Google Kalender einbinden Der Kalender kann auch in den persönlichen Kalender importiert werden. Hierzu können die folgenden Links genutzt werden. ical: https://www.google.com/calendar/feeds/asvoppenheim%40gmail.com/private-3ced3a2d5703944eb9d1481e948e1451/basic xml: https://www.google.com/calendar/ical/asvoppenheim%40gmail.com/private-3ced3a2d5703944eb9d1481e948e1451/basic.ics &nbsp;</p>
